at is -38 + 3c30?
3bd6
In base 13, what is 1c - 23?
-4
In base 15, what is 3 - bb0c?
-bb09
In base 13, what is -2 + b6b6?
b6b4
In base 16, what is -65de7 + 4?
-65de3
In base 11, what is -22 + -15406?
-15428
In base 6, what is 1103 + 42?
1145
In base 10, what is 4755 + 29?
4784
In base 3, what is 11002221 + -100221?
10202000
In base 5, what is 1143 - 1011022?
-1004324
In base 8, what is 1217 - 24?
1173
In base 7, what is -6230166 - 4?
-6230203
In base 5, what is -113110 - -3?
-113102
In base 5, what is -3400 - 14312?
-23212
In base 8, what is -12432 - 32?
-12464
In base 7, what is -153613 - 1?
-153614
In base 8, what is -2005 - -55?
-1730
In base 7, what is -316523 + -5?
-316531
In base 15, what is -1d - -781?
763
In base 10, what is 2 + 93526?
93528
In base 4, what is 122 + 121320012?
121320200
In base 6, what is 1 - -42133?
42134
In base 9, what is -54 - -1787?
1733
In base 15, what is -ea93 + -35?
-eac8
In base 12, what is 3b606a + 2?
3b6070
In base 5, what is -12300 - 200?
-13000
In base 3, what is -1011111 + 1100202?
12021
In base 4, what is -10220 - -100201?
23321
In base 4, what is 22333 + 1231201?
1320200
In base 11, what is 54 + 6a4?
748
In base 15, what is 2 - 37bc4?
-37bc2
In base 9, what is 63 - 2750?
-2676
In base 16, what is 1d + aa57?
aa74
In base 15, what is -a15b - -3?
-a158
In base 13, what is -1797b - 6?
-17984
In base 14, what is -18 - -463?
449
In base 11, what is 4511 - -5?
4516
In base 13, what is 117 - 4a?
9a
In base 14, what is 9718 + 10?
9728
In base 15, what is 11221 + -5?
1121b
In base 15, what is -118d1 + -b?
-118dc
In base 9, what is -34120 + -3?
-34123
In base 4, what is 32 - 13021220?
-13021122
In base 14, what is -369 - d3?
-45c
In base 7, what is 351 + 113?
464
In base 8, what is 22471 - -13?
22504
In base 8, what is -453 + -16175?
-16650
In base 4, what is -331 + 20003310?
20002313
In base 5, what is 3 + 144330333?
144330341
In base 5, what is 4043 - -30?
4123
In base 11, what is 105a - 6?
1054
In base 7, what is 120 + -35?
52
In base 4, what is -13130122 + -1?
-13130123
In base 13, what is 5433ba + 2?
5433bc
In base 3, what is 11 - 1120002210?
-1120002122
In base 13, what is 1 + -14671?
-14670
In base 9, what is -21533158 - 5?
-21533164
In base 5, what is 133 - 33220?
-33032
In base 4, what is 10000011302 - -11?
10000011313
In base 15, what is -10214 - -2?
-10212
In base 10, what is -3926 + -2?
-3928
In base 9, what is -43 - -6418?
6365
In base 12, what is 9885 + -14?
9871
In base 10, what is 5 + 68233?
68238
In base 4, what is 300 - -100?
1000
In base 12, what is 36a - 85?
2a5
In base 13, what is 5 + 6350?
6355
In base 10, what is -43 + -81550?
-81593
In base 5, what is 1 + -24314120?
-24314114
In base 3, what is 111011 - 100122111?
-100011100
In base 10, what is 0 + -96713?
-96713
In base 15, what is -2b - -292?
266
In base 5, what is 20230400 - 3?
20230342
In base 2, what is -1111100111 + 11101?
-1111001010
In base 7, what is 1222613 - -6?
1222622
In base 15, what is 4 - -3649b?
364a0
In base 15, what is 7ce + -138?
696
In base 2, what is -1000101 + 111010001?
110001100
In base 7, what is -350042 + -22?
-350064
In base 5, what is -4 - -4301321?
4301312
In base 15, what is -bc - 3eb?
-4b8
In base 16, what is -b + ef6?
eeb
In base 4, what is 103032220 + 1?
103032221
In base 3, what is -1200202 - -2?
-1200200
In base 11, what is -12 - -239a?
2388
In base 2, what is -1111010101011111 + 111001?
-1111010100100110
In base 2, what is -1010101000101011 + 0?
-1010101000101011
In base 11, what is -3 + 1920a?
19207
In base 4, what is 21021213 - 10?
21021203
In base 15, what is -1 + e9ca3?
e9ca2
In base 14, what is -5 - -2480b?
24806
In base 6, what is 342 + -144010?
-143224
In base 3, what is -100210022 + 1110?
-100201212
In base 2, what is -1010100011110 + 11010?
-1010100000100
In base 4, what is 113 + -12120?
-12001
In base 5, what is 100 + -3031034?
-3030434
In base 13, what is 1122 + -27?
10c8
In base 6, what is -11 - 425542?
-425553
In base 6, what is -120 + 214154?
214034
In base 14, what is 0 - -1aabda?
1aabda
In base 5, what is -4 + -31140140?
-31140144
In base 8, what is 10055 + -5?
10050
In base 7, what is -3 - -205562?
205556
In base 4, what is -10222 + 23300?
13012
In base 6, what is 4 + 134454?
134502
In base 14, what is -5 + -dca?
-dd1
In base 8, what is -1207444 + -1?
-1207445
In base 12, what is 1812 + -6?
1808
In base 14, what is 5031 + -12?
501d
In base 14, what is 2b049 - 0?
2b049
In base 14, what is 37a6 - 72?
3734
In base 12, what is -4 + 17976?
17972
In base 15, what is 3 + -38dee?
-38deb
In base 8, what is 2332 - -6?
2340
In base 3, what is -11 - -112111002?
112110221
In base 16, what is -c9f - 1?
-ca0
In base 8, what is -2503 + 17?
-2464
In base 12, what is 1040 + -30?
1010
In base 12, what is -1 + b010a?
b0109
In base 3, what is 1112221 - -222?
1120220
In base 8, what is -5 + -11501?
-11506
In base 2, what is -10000101100010 + -11000?
-10000101111010
In base 8, what is -427 + -5617?
-6246
In base 2, what is -11010110100001 - 11011?
-11010110111100
In base 11, what is 12 - -10651?
10663
In base 11, what is -5347 - 31?
-5378
In base 9, what is 66517 - -2?
66520
In base 5, what is -4 - 3322343?
-3322402
In base 6, what is 213155 - 1124?
212031
In base 7, what is 51156 - 1?
51155
In base 7, what is -1525 + 4013?
2155
In base 4, what is -1320 + -10330?
-12310
In base 12, what is -6a80 - 1?
-6a81
In base 16, what is -8d3 + -42?
-915
In base 12, what is -8926 - -1?
-8925
In base 11, what is 9836 - -13?
9849
In base 8, what is -13164 + 0?
-13164
In base 16, what is 2de + 1a?
2f8
In base 14, what is -271c - 67?
-2785
In base 2, what is -1 + -111101000010101?
-111101000010110
In base 10, what is -5 - -958200?
958195
In base 16, what is 59264 + -5?
5925f
In base 12, what is -108 + -2b5?
-401
In base 14, what is 364 - 445?
-c1
In base 7, what is -54454 + -62?
-54546
In base 13, what is 5 - 8ba0?
-8b98
In base 8, what is 4241 + 5?
4246
In base 14, what is -445 - -237?
-20c
In base 14, what is 9 + cd61?
cd6a
In base 10, what is 2242 + 37?
2279
In base 7, what is -3 + 35054?
35051
In base 6, what is -2 + 155014?
155012
In base 14, what is 2 - 68b6?
-68b4
In base 7, what is -306436 - 2?
-306441
In base 6, what is 0 - 20350?
-20350
In base 16, what is -f - 30f15?
-30f24
In base 11, what is 28a37 - -5?
28a41
In base 9, what is -38 - -15701?
15652
In base 6, what is 110114 - -255?
110413
In base 16, what is 1 + 4bcb?
4bcc
In base 14, what is 44 - 8d?
-49
In base 9, what is 251 + 17863?
18224
In base 8, what is 37 + -5727?
-5670
In base 4, what is 203 + 111320?
112123
In base 6, what is 2 - -233550?
233552
In base 6, what is -251243135 - -3?
-251243132
In base 9, what is 42 - -614?
656
In base 13, what is -20 + -475?
-495
In base 13, what is 78 + -22bc?
-2244
In base 4, what is -300021 - 11310?
-311331
In base 13, what is 148a6 + 3c?
14915
In base 6, what is -330512 + 30?
-330442
In base 8, what is 325077 - -6?
325105
In base 15, what is 13ac4 - -4?
13ac8
In base 12, what is -286 + -438?
-702
In base 14, what is -16 - -d3d?
d27
In base 7, what is 1 - -1566562?
1566563
In base 7, what is -1234414 + 4?
-1234410
In base 14, what is -14799 + 5?
-14794
In base 3, what is 2011 - 10102112021?
-10102110010
In base 6, what is -4 - 11044?
-11052
In base 15, what is -b9c - -17?
-b85
In base 7, what is -1041554 - 2?
-1041556
In base 9, what is -38684 + -4?
-38688
In base 16, what is 0 + e3f7?
e3f7
In base 15, what is 4 + -6079?
-6075
In base 11, what is -7 + 330?
324
In base 14, what is 4 - -2dca7?
2dcab
In base 2, what is 10001001100100 + -100010101?
10000101001111
In base 9, what is -2850626 - -3?
-2850623
In base 12, what is -10 + 276a6?
27696
In base 14, what is -3 + 28276?
28273
In base 11, what is 1 + -1037a?
-10379
In base 14, what is -d + 1ad2?
1ac3
In base 15, what is -18 - 9d?
-b6
In base 16, what is 4 + 12d?
131
In base 5, what is -3311 - -14333?
11022
In base 6, what is 0 - 554042?
-554042
In base 4, what is 21213010 + 3?
21213013
In base 6, what is -3015253 - -2?
-3015251
In base 8, what is 500 - -647?
1347
In base 6, what is 41 - 2404300?
-2404215
In base 3, what is -12211 + -100022?
-120010
In base 7, what is -3 + -120455?
-120461
In base 16, what is 0 - dc4?
-dc4
In base 11, what is 2605 + -11?
25a4
In b